4)/(-24) - 33/3.
4
Suppose 0 = -v - v + 124 + 128. Calculate the remainder when 1510 is divided by v.
124
Let s = 11922 + -11691. What is the remainder when 1376 is divided by s?
221
Let w(n) = -358*n - 181. Calculate the remainder when w(-3) is divided by 176.
13
Suppose 2*v - 253 = -5*n, -5*v - 4*n + 430 + 177 = 0. What is the remainder when v is divided by 95?
24
Let o = -84 + 88. Suppose n - 22 = -o*f, 5*f = n + 26 + 6. Suppose 15 + 16 = 3*a + 5*v, -2*v = 3*a - 25. Calculate the remainder when a is divided by f.
1
Let v = -6437 + 6562. What is the remainder when v is divided by 44?
37
Let w be 2*(-2)/(8/(-10)). Suppose 4*f = 0, 4*h = -0*h + w*f + 64. Suppose -207 = -18*o + 315. Calculate the remainder when o is divided by h.
13
Calculate the remainder when (2 - (-160)/(-15))/(1/(-21)) is divided by ((-112)/10 - -10)*210/(-4).
56
Suppose 6*r + 3885 = 21*r. Let d = r - 205. What is the remainder when 483 is divided by d?
51
Let n be -6 + 2 + (28 - 3). Let y = n - 19. What is the remainder when (1 - 0 - y)/(3/(-114)) is divided by 13?
12
Suppose -3*i = 5*z - 1826, 0 = i + z - 442 - 164. Suppose -v = 13*v - i. Calculate the remainder when 48 is divided by v.
5
Let y = 1648 + -1621. What is the remainder when 7336/21 - (-2 - 8/(-6)) is divided by y?
26
Let r = -45 - -45. Suppose r = -0*j - 8*j + 80. Suppose -3*x - 2*x = -j, 160 = 2*v - 4*x. What is the remainder when v is divided by 29?
26
Let n = -3 + 10. Let k be (-36)/(-21) - 2/(-7). What is the remainder when 47/k + 28/(-56) is divided by n?
2
Let f = 13 + -6. Let c(n) = -n**3 + 7*n**2 + 5*n + 3. Let k be c(f). Let h = -19 + k. What is the remainder when 54 is divided by h?
16
Let h be (36/(-8) - -5)*24/(-1). What is the remainder when 41 is divided by (((-336)/(-10))/(-4))/(h/30)?
20
Let d be 10*(20/(-75))/(-2)*201. Let r = -246 + d. Let x(f) = -f**3 - 7*f**2 - 8*f + 8. Calculate the remainder when x(-7) is divided by r.
20
Suppose -j + 4*b = -30, 172*j - 175*j - 12 = 5*b. Let w(v) = -12*v + 1. Calculate the remainder when w(-3) is divided by j.
1
Let v = 608383 + -608373. Suppose 4*o + 0*o - 2*r - 142 = 0, 0 = 2*o + 5*r - 53. What is the remainder when o is divided by v?
4
Suppose -7*z + 8666 + 336 = -2*w, w = -z + 1286. What is the remainder when z is divided by 38?
32
Let j(f) = -f**2 + f. Let v(z) = 3*z**2 - 32*z - 42. Let r(k) = 4*j(k) + v(k). Calculate the remainder when r(-13) is divided by 42.
27
Suppose -m = 2*s - 102, -2*s + 5*m + 0*m = -102. Suppose 62*w - 572 = s*w. Calculate the remainder when 207 is divided by w.
51
Let z = 4394 - 3639. What is the remainder when z is divided by 76?
71
Calculate the remainder when (6/(-1))/((2/5)/(222/(-10))) is divided by 27.
9
Suppose -5*t = -505 + 85. Let m = -12 + t. What is the remainder when m is divided by 15?
12
Suppose 4*g = -19*g + 3174. Suppose -f - 3*u = -57, -4*u = -2*f - 2*u + g. What is the remainder when f is divided by 9?
3
Let w = 1240 - 971. What is the remainder when 1343 is divided by w?
267
Let i(z) be the second derivative of -29*z + 13/2*z**2 - 4/3*z**4 - 1/3*z**3 - 1/20*z**5 + 0. Calculate the remainder when i(-16) is divided by 26.
19
Suppose 0 = -38*a + 30*a - 192. Let r(o) = o**2 + 23*o + 5. What is the remainder when 76 is divided by r(a)?
18
Let u = 6648 - 6627. Let o = -317 - -484. Calculate the remainder when o is divided by u.
20
Suppose 4*z = d - 27, -8 - 1 = -2*d - z. Let p be ((-27)/2)/(34/476). What is the remainder when (6 - p/(-35))*25 is divided by d?
1
Suppose -180 = -5*r - 2*x, r + 5*x = 4*x + 39. Let o = -23 + r. Suppose 0 = -2*m - 3*z + 6, -5*m + 29 = 4*z + 7. Calculate the remainder when o is divided by m.
5
Let o = 4395 - 4247. What is the remainder when o is divided by 17?
12
Suppose 8 = 2*q, 5*n + 4*q - 6*q - 12 = 0. Let a(v) = v**2 - 7*v + 12. What is the remainder when a(6) is divided by n?
2
Suppose -81668 - 16121 + 829 = -101*j. Calculate the remainder when j is divided by 158.
12
Suppose -7*s + 9*s - 6 = 0. Let h be ((-28)/8 + s)*-18. What is the remainder when -3*6*(-4)/h is divided by 3?
2
Suppose o + 25 = 6*o. Suppose o*m + 84 = 759. What is the remainder when m is divided by 46?
43
Let m(h) = 257*h**2 + 270*h + 268. What is the remainder when 912 is divided by m(-1)?
147
Let l be 20/(-16) - 168/(-32). Suppose -l*j + 8 = -2*j. Calculate the remainder when 8 is divided by j.
0
Calculate the remainder when 6 - (12/90 - (-40084)/(-30)) is divided by 196.
166
Let i be (-412)/((-2)/1) + -3 + 2. Let a = i + -169. Calculate the remainder when a is divided by 13.
10
Calculate the remainder when 7*(-2)/(-84) - (-4445)/42 is divided by 93.
13
Let j(v) = 47*v**2. What is the remainder when j(1) is divided by 4/12*(-6300)/(-210)?
7
Let c(q) be the second derivative of -1/12*q**4 + 11/6*q**3 + 0 - 4*q + 13/2*q**2. Calculate the remainder when 2 is divided by c(12).
0
Let b(m) = 17*m**3 + 2*m**2 + 47*m - 92. What is the remainder when b(2) is divided by 77?
69
Let x = -895 - -912. What is the remainder when 705 is divided by x?
8
Let k = -2652 + 2792. What is the remainder when k is divided by 6?
2
Let s(m) = -m**3 + 21*m**2 + 11*m + 120. Let t be s(23). Let x = 1026 + t. Calculate the remainder when x is divided by 86.
83
Let d(k) = 4*k**2 + 87*k - 684. What is the remainder when d(10) is divided by 582?
4
Suppose z = -l - 4*z + 21, -l - 2*z + 12 = 0. Let k = -18 - -28. What is the remainder when l is divided by 26/4 + k/(-20)?
0
Let z(a) be the second derivative of -a**3 + 49*a - 9/2*a**2 + 0. What is the remainder when z(-17) is divided by 48?
45
Let i = -4499 - -4621. Calculate the remainder when i is divided by 33.
23
Let w = -33291 - -36543. Calculate the remainder when w is divided by 464.
4
Suppose 4*c - 146 + 110 = 156. What is the remainder when 154 is divided by c?
10
Let r = -93 - -103. Suppose 6*k + 2*t = k + 16, -2*k + r = 2*t. Suppose w - 5*c - 46 = -2, k*c = -4*w + 132. Calculate the remainder when 61 is divided by w.
27
Suppose 6*w - 4*m + 879 = 11*w, -3*w + 2*m + 523 = 0. Let r = -44 - -88. Calculate the remainder when w is divided by r.
43
Let i(d) = 61*d + 1747. What is the remainder when i(-26) is divided by 10?
1
Suppose 0 = -18*i + 604 + 44. Let j(b) = -b**2 + 34*b + 89. What is the remainder when 158 is divided by j(i)?
5
Let a(b) = -b**3 + 8*b**2 + 12*b - 1. Let f be ((-5)/15 + 0)*-207. Let r = f + -53. Calculate the remainder when a(9) is divided by r.
10
Suppose b + 25*b - 187 = 177. Calculate the remainder when 333 is divided by b.
11
Suppose -2153 = -16*s + 2853 - 910. Calculate the remainder when 1283 is divided by s.
3
Suppose 0 = -22*h + 98 + 12. Suppose -880 = -h*v + 5*n, -2*n = 8*v - 6*v - 368. What is the remainder when v is divided by 26?
24
Let a(w) = -229*w + 1170. What is the remainder when a(4) is divided by 78?
20
Let a(w) = -10*w + 743. Calculate the remainder when a(40) is divided by 43.
42
Suppose 334 = -2*k + 358. Suppose -3*l = -5*a - 164, a = -k*l + 8*l + 188. Let i = 14 + 3. Calculate the remainder when l is divided by i.
14
Let a be (-10 + 246)/((-1)/(-2)). What is the remainder when 3/(-4)*a/(-6) is divided by 16?
11
Let a be 392/182 + 4/(-26) + -3. Calculate the remainder when (-22)/(-77) - a*(-416)/(-14) is divided by 24.
6
Let o(b) = 7*b**2 + 14*b**3 + 7*b - 4 - 26*b**3 + b**2. What is the remainder when o(-2) is divided by 30?
20
Let d be ((-1)/(-2))/(5 + 69/(-14)). Let k = -67 + 118. Let y = k - d. Calculate the remainder when 219 is divided by y.
43
Let x(q) = 5*q - 5. Let y(u) = -10*u + 9. Let t(i) = 11*x(i) + 6*y(i). Suppose -z = -27 - 26. Calculate the remainder when z is divided by t(-3).
11
Suppose h = -57*h + 10208. Let x = 197 - h. What is the remainder when 146 is divided by x?
20
Let b = 21 - 11. Suppose 2*a - 33 = 3*v, 3*a - 5*v - 59 = -b*v. Let y = 983 - 948. What is the remainder when y is divided by a?
17
Let u be (1 - -1)*5*22/4. Suppose u*g + 3275 = 80*g. Calculate the remainder when g is divided by 9.
5
Suppose 6*c + 7*c - 169 = 0. Let a(l) = 3*l + 25. What is the remainder when a(c) is divided by 33?
31
Let n(o) = 2*o**3 + 13*o**2 - 25*o - 68. Calculate the remainder when 395 is divided by n(-7).
47
Suppose -8 = -2*p + 3*m, 0*p = p + 2*m + 10. What is the remainder when 64 is divided by 6/(-9)*p/(-4)*-51?
13
What is the rema